{"id":2975,"date":"2020-08-04T04:35:04","date_gmt":"2020-08-04T04:35:04","guid":{"rendered":"http:\/\/www.caliset.com\/?page_id=2975"},"modified":"2021-05-23T18:52:42","modified_gmt":"2021-05-23T18:52:42","slug":"servicios-ambientales","status":"publish","type":"page","link":"https:\/\/www.caliset.com\/index.php\/servicios-ambientales\/","title":{"rendered":"Enviromental Services"},"content":{"rendered":"<div class=\"wpb-content-wrapper\"><p>[vc_row full_width=&#8221;stretch_row_content_no_spaces&#8221; css=&#8221;.vc_custom_1596516101849{margin-bottom: 50px !important;padding-top: 50px !important;padding-bottom: 50px !important;background-image: url(http:\/\/www.caliset.com\/wp-content\/uploads\/2020\/08\/banner-services-scaled.jpg?id=3024) !important;background-position: center !important;background-repeat: no-repeat !important;background-size: cover !important;}&#8221; el_class=&#8221;title-banner&#8221;][vc_column][vc_row_inner][vc_column_inner width=&#8221;1\/6&#8243;][\/vc_column_inner][vc_column_inner width=&#8221;2\/3&#8243;][vc_column_text css_animation=&#8221;top-to-bottom&#8221;]<\/p>\n<h2 style=\"text-align: center;\"><span style=\"color: #ffffff;\">Servicios Ambientales<\/span><\/h2>\n<p style=\"text-align: center;\"><span style=\"color: #ffffff;\">Gesti\u00f3n y evaluaci\u00f3n de impacto ambiental a cargo de profesionales de amplia experiencia, realizando an\u00e1lisis particularizados y detallados seg\u00fan los requerimientos de cada proyecto<\/span><\/p>\n<p>[\/vc_column_text][\/vc_column_inner][vc_column_inner width=&#8221;1\/6&#8243;][\/vc_column_inner][\/vc_row_inner][\/vc_column][\/vc_row][vc_row][vc_column][lab_heading title=&#8221;Servicios Ambientales&#8221;][\/lab_heading][\/vc_column][\/vc_row][vc_row][vc_column][vc_tta_tour style=&#8221;flat&#8221; shape=&#8221;square&#8221; color=&#8221;white&#8221; spacing=&#8221;&#8221; gap=&#8221;10&#8243; controls_size=&#8221;sm&#8221; active_section=&#8221;1&#8243; css_animation=&#8221;none&#8221; no_fill_content_area=&#8221;true&#8221; el_class=&#8221;tour-construction-demo-style&#8221;][vc_tta_section title=&#8221;Todos los Servicios&#8221; tab_id=&#8221;all-services&#8221;][vc_row_inner][vc_column_inner width=&#8221;1\/3&#8243;][vc_single_image image=&#8221;3005&#8243; img_size=&#8221;700&#215;490&#8243; style=&#8221;vc_box_rounded&#8221;][vc_custom_heading text=&#8221;Autorizaci\u00f3n Ambiental Especial (AAE)&#8221; font_container=&#8221;tag:h5|text_align:left&#8221; use_theme_fonts=&#8221;yes&#8221; link=&#8221;|||&#8221; css=&#8221;.vc_custom_1593300915731{padding-bottom: 5px !important;}&#8221;][vc_column_text]Elaboraci\u00f3n del estudio de impacto ambiental relativo al proyecto a ejecutarse seg\u00fan requerimientos de DINAMA, de igual forma se transitan los diferentes aspectos que requiere la tramitaci\u00f3n de AAE.[\/vc_column_text][\/vc_column_inner][vc_column_inner width=&#8221;1\/3&#8243;][vc_single_image image=&#8221;3006&#8243; img_size=&#8221;700&#215;490&#8243; style=&#8221;vc_box_rounded&#8221;][vc_custom_heading text=&#8221;Autorizaci\u00f3n Ambiental de Operaci\u00f3n (AAO)&#8221; font_container=&#8221;tag:h5|text_align:left&#8221; use_theme_fonts=&#8221;yes&#8221; css=&#8221;.vc_custom_1593301665052{padding-bottom: 5px !important;}&#8221;][vc_column_text]Recopilaci\u00f3n de informaci\u00f3n y elaboraci\u00f3n de documentaci\u00f3n t\u00e9cnica requerida por la autoridad ambiental competente para la obtenci\u00f3n de la AAO conforme al decreto 349\/005: efluentes, residuos s\u00f3lidos, PGAO, entre otros.[\/vc_column_text][\/vc_column_inner][vc_column_inner width=&#8221;1\/3&#8243;][vc_single_image image=&#8221;3016&#8243; img_size=&#8221;700&#215;490&#8243; style=&#8221;vc_box_rounded&#8221;][vc_custom_heading text=&#8221;Gesti\u00f3n de Efluentes&#8221; font_container=&#8221;tag:h5|text_align:left&#8221; use_theme_fonts=&#8221;yes&#8221; css=&#8221;.vc_custom_1593305243266{padding-bottom: 5px !important;}&#8221;][vc_column_text]Dise\u00f1o de proyectos de ingenier\u00eda para el tratamiento de aguas residuales y gestiones asociadas en DINAMA (elaboraci\u00f3n de Solicitud de Autorizaci\u00f3n de Desag\u00fce\/Industrial).[\/vc_column_text][\/vc_column_inner][\/vc_row_inner][vc_row_inner][vc_column_inner width=&#8221;1\/3&#8243;][vc_single_image image=&#8221;3017&#8243; img_size=&#8221;700&#215;490&#8243; style=&#8221;vc_box_rounded&#8221;][vc_custom_heading text=&#8221;Informe Ambiental de Operaci\u00f3n (IAO)&#8221; font_container=&#8221;tag:h5|text_align:left&#8221; use_theme_fonts=&#8221;yes&#8221; css=&#8221;.vc_custom_1593301386154{padding-bottom: 5px !important;}&#8221;][vc_column_text]Elaboraci\u00f3n de IAO\u2019s\u00a0 y su de su presentaci\u00f3n ante DINAMA, la frecuencia de presentaci\u00f3n ser\u00e1 semestral o anual seg\u00fan el porte del emprendimiento.[\/vc_column_text][\/vc_column_inner][vc_column_inner width=&#8221;1\/3&#8243;][vc_single_image image=&#8221;3008&#8243; img_size=&#8221;700&#215;490&#8243; style=&#8221;vc_box_rounded&#8221;][vc_custom_heading text=&#8221;Gesti\u00f3n de Residuos S\u00f3lidos&#8221; font_container=&#8221;tag:h5|text_align:left&#8221; use_theme_fonts=&#8221;yes&#8221; css=&#8221;.vc_custom_1593305493510{padding-bottom: 5px !important;}&#8221;][vc_column_text]Diagn\u00f3stico de los residuos generados en la industria o emprendimiento, a los efectos de determinar sus caracter\u00edsticas, realizar su correcta categorizaci\u00f3n y posteriormente proponer su disposici\u00f3n final adecuada, mediante la elaboraci\u00f3n del Plan de Gesti\u00f3n de Residuos S\u00f3lidos (PGRS), de acuerdo a lo establecido por el decreto 182\/013.[\/vc_column_text][\/vc_column_inner][vc_column_inner width=&#8221;1\/3&#8243;][vc_single_image image=&#8221;3013&#8243; img_size=&#8221;700&#215;490&#8243; style=&#8221;vc_box_rounded&#8221;][vc_custom_heading text=&#8221;Declaraciones Juradas de Residuos&#8221; font_container=&#8221;tag:h5|text_align:left&#8221; use_theme_fonts=&#8221;yes&#8221; css=&#8221;.vc_custom_1593301426771{padding-bottom: 5px !important;}&#8221;][vc_column_text]Elaboraci\u00f3n de las Declaraciones Juradas de Residuos S\u00f3lidos anuales y presentaci\u00f3n ante DINAMA.[\/vc_column_text][\/vc_column_inner][\/vc_row_inner][\/vc_tta_section][vc_tta_section title=&#8221;Autorizaci\u00f3n Ambiental Especial&#8221; tab_id=&#8221;aae-tab&#8221;][vc_row_inner][vc_column_inner width=&#8221;2\/3&#8243;][vc_column_text]<\/p>\n<div class=\"wpb_text_column wpb_content_element \">\n<div class=\"wpb_wrapper\">\n<p>Corresponde su tramitaci\u00f3n a todas las actividades comprendidas en el Art.25 del Decreto 349\/005, que fueron construidas o puestas en operaci\u00f3n sin haber requerido la Autorizaci\u00f3n Ambiental Previa (AAP).<\/p>\n<p>Los diferentes aspectos que conlleva la tramitaci\u00f3n de AAE, son:<\/p>\n<ul>\n<li>Efluentes: Evaluaci\u00f3n y dise\u00f1o de plantas de tratamiento de efluentes.<\/li>\n<li>Residuos S\u00f3lidos: Elaboraci\u00f3n de Planes de Gesti\u00f3n de Residuos S\u00f3lidos (PGRS)<\/li>\n<li>Plan de Gesti\u00f3n Ambiental de Operaci\u00f3n (PGAO).<\/li>\n<li>Otras emisiones: diagn\u00f3stico y evaluaci\u00f3n de emisiones atmosf\u00e9ricas, sonoras, aguas subterr\u00e1neas y\/o de suelos, junto con el asesoramiento para la mitigaci\u00f3n de impactos asociados.<\/li>\n<\/ul>\n<\/div>\n<p>&nbsp;<\/p>\n<\/div>\n<p>[\/vc_column_text][\/vc_column_inner][vc_column_inner width=&#8221;1\/3&#8243;][vc_single_image image=&#8221;2063&#8243; img_size=&#8221;large&#8221; css_animation=&#8221;fadeIn&#8221;][vc_single_image image=&#8221;2064&#8243; img_size=&#8221;large&#8221; css_animation=&#8221;fadeIn&#8221;][\/vc_column_inner][\/vc_row_inner][\/vc_tta_section][vc_tta_section title=&#8221;Autorizaci\u00f3n Ambiental de Operaci\u00f3n&#8221; tab_id=&#8221;aao-tab&#8221;][vc_row_inner][vc_column_inner width=&#8221;1\/3&#8243;][vc_single_image image=&#8221;2062&#8243; img_size=&#8221;large&#8221;][vc_images_carousel images=&#8221;2065,2064,2066&#8243; img_size=&#8221;700&#215;480&#8243; autoplay=&#8221;yes&#8221; wrap=&#8221;yes&#8221;][\/vc_column_inner][vc_column_inner width=&#8221;2\/3&#8243;][vc_column_text]Requieren tramitar AAO todas las actividades, construcciones u obras que hubieran recibido Autorizaci\u00f3n Ambiental Previa (AAP), comprendidas en los numerales 5 y 6, 9 a 13, 15 a 17, 19 a 23, 35 y 37 seg\u00fan lo establecido en el Art\u00edculo 2 del Decreto 349\/005,\u00a0 Los aspectos a evaluar dentro del tr\u00e1mite son:<\/p>\n<ul>\n<li>Efluentes: Evaluaci\u00f3n y dise\u00f1o de plantas de tratamiento de efluentes.<\/li>\n<li>Residuos S\u00f3lidos: Elaboraci\u00f3n de Planes de Gesti\u00f3n de Residuos S\u00f3lidos (PGRS)<\/li>\n<li>Plan de Gesti\u00f3n Ambiental de Operaci\u00f3n (PGAO).<\/li>\n<li>Otras emisiones: diagn\u00f3stico y evaluaci\u00f3n de emisiones atmosf\u00e9ricas, sonoras, aguas subterr\u00e1neas y\/o de suelos, junto con el asesoramiento para la mitigaci\u00f3n de impactos asociados.<\/li>\n<\/ul>\n<p>la AAO es una autorizaci\u00f3n que debe renovarse cada 3 a\u00f1os.[\/vc_column_text][\/vc_column_inner][\/vc_row_inner][\/vc_tta_section][vc_tta_section title=&#8221;Gesti\u00f3n de Efluentes&#8221; tab_id=&#8221;efluentes-tab&#8221;][vc_row_inner][vc_column_inner width=&#8221;1\/2&#8243;][vc_column_text]Dise\u00f1amos los proyectos de ingenier\u00eda para el tratamiento de las aguas residuales y realizamos las gestiones de aprobaci\u00f3n ante la DINAMA, mediante la elaboraci\u00f3n de la SADI o SAD seg\u00fan corresponda.<\/p>\n<p>Los emprendimientos que cuentan con la aprobaci\u00f3n de la SAD\/SADI deber\u00e1n presentar IAO,\u00a0 con la frecuencia que establezca las autoridades.[\/vc_column_text][\/vc_column_inner][vc_column_inner width=&#8221;1\/2&#8243;][vc_images_carousel images=&#8221;2064,2067,2066&#8243; img_size=&#8221;large&#8221; autoplay=&#8221;yes&#8221; hide_pagination_control=&#8221;yes&#8221; wrap=&#8221;yes&#8221;][vc_column_text]La\u00a0Solicitud de Autorizaci\u00f3n de Desag\u00fce Industrial (SADI)\u00a0aplica a todos los <u>emprendimientos industriales<\/u> de cuyo proceso derivan aguas residuales de cualquier naturaleza.<\/p>\n<p>La\u00a0Solicitud de Autorizaci\u00f3n de Desag\u00fce (SAD)\u00a0aplica a todos los emprendimientos que generan aguas residuales, comprendidos por la normativa o solicitada espec\u00edficamente por el MVOTMA, tales como los tambos y establecimientos de engorde de ganado bovino a corral, ubicados en la cuenca del R\u00edo Santa Luc\u00eda.[\/vc_column_text][\/vc_column_inner][\/vc_row_inner][\/vc_tta_section][vc_tta_section title=&#8221;Informe Ambiental de Operaci\u00f3n&#8221; tab_id=&#8221;iao-tab&#8221;][vc_row_inner][vc_column_inner width=&#8221;1\/2&#8243;][vc_single_image image=&#8221;2067&#8243; img_size=&#8221;large&#8221; style=&#8221;vc_box_rounded&#8221;][\/vc_column_inner][vc_column_inner width=&#8221;1\/2&#8243;][vc_single_image image=&#8221;2064&#8243; img_size=&#8221;large&#8221; style=&#8221;vc_box_rounded&#8221;][\/vc_column_inner][\/vc_row_inner][vc_row_inner][vc_column_inner width=&#8221;1\/2&#8243;][vc_column_text]<\/p>\n<h5>Requisito<\/h5>\n<p>El informe debe ser presentado por aquellos emprendimientos que cuenten con la Solicitud de Autorizaci\u00f3n de Desag\u00fce\/ Desag\u00fce Industrial (SAD\/SADI) aprobada, o se le haya requerido su presentaci\u00f3n por una situaci\u00f3n particular.[\/vc_column_text][\/vc_column_inner][vc_column_inner width=&#8221;1\/2&#8243;][vc_column_text][\/vc_column_text][\/vc_column_inner][\/vc_row_inner][\/vc_tta_section][vc_tta_section title=&#8221;Gesti\u00f3n de Residuos S\u00f3lidos&#8221; tab_id=&#8221;residuos-tab&#8221;][vc_row_inner][vc_column_inner width=&#8221;2\/3&#8243;][vc_column_text]Le corresponde la presentaci\u00f3n del PGRS ante DINAMA a todas las actividades comprendidas en la RM1708\/013, establecida por el Ministerio de Vivienda, Ordenamiento Territorial y Medio Ambiente. Dentro de las actividades a desarrollar se destacan:<\/p>\n<ul>\n<li>Caracterizaci\u00f3n de los residuos, con el fin de definir su disposici\u00f3n final.<\/li>\n<li>Gesti\u00f3n interna: evaluaci\u00f3n de las condiciones del sitio de acopio transitorio y asesoramiento para el acondicionamiento de este (segregaci\u00f3n y etiquetado).<\/li>\n<li>Gesti\u00f3n externa: asesoramiento en la elecci\u00f3n de gestores para la el transporte y disposici\u00f3n final de los residuos.<\/li>\n<li>Elaboraci\u00f3n del plan de control y seguimiento de la gesti\u00f3n de los residuos, que incluyan indicadores que faciliten el proceso.<\/li>\n<\/ul>\n<p>Adicionalmente, aquellas que cuenten con el PGRS aprobado por DINAMA, deber\u00e1n presentar anualmente una Declaraci\u00f3n Jurada de Residuos S\u00f3lidos.[\/vc_column_text][\/vc_column_inner][vc_column_inner width=&#8221;1\/3&#8243;][vc_single_image image=&#8221;2063&#8243; img_size=&#8221;large&#8221; css_animation=&#8221;fadeIn&#8221;][vc_single_image image=&#8221;2067&#8243; img_size=&#8221;large&#8221; css_animation=&#8221;fadeIn&#8221;][\/vc_column_inner][\/vc_row_inner][\/vc_tta_section][vc_tta_section title=&#8221;Declaraciones Juradas de Residuos&#8221; tab_id=&#8221;djr-tab&#8221;][vc_row_inner][vc_column_inner][vc_column_text]<img data-recalc-dims=\"1\" loading=\"lazy\" decoding=\"async\" class=\"wp-image-1790 alignright\" src=\"https:\/\/i0.wp.com\/demo-content.kaliumtheme.com\/construction\/wp-content\/uploads\/2017\/12\/landscape6.jpg?resize=125%2C94&#038;ssl=1\" alt=\"services-insulation-2\" width=\"125\" height=\"94\" \/><\/p>\n<p>Le corresponde la presentaci\u00f3n anual de la declaraci\u00f3n a todo emprendimiento que cuenta con un Plan de Gesti\u00f3n de Residuos Aprobado, de acuerdo con el Art.13 del Decreto 182\/013.<\/p>\n<p>Nos encargamos de la elaboraci\u00f3n de las Declaraciones Juradas de Residuos S\u00f3lidos anuales y de la presentaci\u00f3n de la misma ante DINAMA.[\/vc_column_text][\/vc_column_inner][\/vc_row_inner][\/vc_tta_section][vc_tta_section title=&#8221;Contacto&#8221; tab_id=&#8221;contact-tab&#8221;][lab_contact_form name_title=&#8221;Nombre:&#8221; message_title=&#8221;Mensaje:&#8221; show_subject_field=&#8221;&#8221; submit_title=&#8221;Enviar Mensaje&#8221; submit_success=&#8221;Muchas gracias #, tu mensaje ha sido enviado correctamente. Nos pondremos en contacto dentro de las pr\u00f3ximas 24 hs!&#8221; alert_errors=&#8221;yes&#8221; email_receiver=&#8221;matias@caliset.com&#8221;][\/vc_tta_section][\/vc_tta_tour][\/vc_column][\/vc_row][vc_row disable_element=&#8221;yes&#8221;][vc_column][lab_heading title=&#8221;Layout 2&#8243;][\/lab_heading][\/vc_column][\/vc_row][vc_row full_width=&#8221;stretch_row&#8221; disable_element=&#8221;yes&#8221; css=&#8221;.vc_custom_1596515112925{padding-top: 50px !important;padding-bottom: 50px !important;background-color: #efefef !important;}&#8221;][vc_column width=&#8221;2\/3&#8243;][vc_tta_tour style=&#8221;flat&#8221; shape=&#8221;square&#8221; color=&#8221;white&#8221; spacing=&#8221;&#8221; gap=&#8221;10&#8243; active_section=&#8221;1&#8243; css_animation=&#8221;none&#8221; no_fill_content_area=&#8221;true&#8221; el_class=&#8221;tour-construction-demo-style&#8221;][vc_tta_section title=&#8221;Construction&#8221; tab_id=&#8221;construction&#8221;][vc_column_text]<\/p>\n<h5>We offer those services:<\/h5>\n<ul class=\"list \">\n<li>Construction building<\/li>\n<li>Alternative tech<\/li>\n<\/ul>\n<div class=\"vc_empty_space\"><\/div>\n<div class=\"wpb_text_column wpb_content_element \">\n<div class=\"wpb_wrapper\">\n<p>Modern designs tend to have a very wide beam and a flat bottom aft, to provide buoyancy preventing an excessive heel angle and to promote surfing and planing. Unsatiable on by contrasted to reasonable companions an. On otherwise no admitting to suspicion furniture it.<\/p>\n<p>Now principles discovered off increasing how reasonably middletons men. Add seems out man met plate court sense. His joy she worth truth given. All year feet led view went sake. You agreeable breakfast his set perceived immediate. Stimulated man are projecting favourable middletons can cultivated. Yet bed any for travelling assistance indulgence unpleasing. Not thoughts all exercise blessing. Indulgence way everything joy.<\/p>\n<\/div>\n<\/div>\n<p>[\/vc_column_text][\/vc_tta_section][vc_tta_section title=&#8221;Energy&#8221; tab_id=&#8221;energy&#8221;][vc_column_text]<\/p>\n<h5>We offer:<\/h5>\n<ul class=\"list \">\n<li>Construction building<\/li>\n<li>Alternative tech<\/li>\n<\/ul>\n<div class=\"vc_empty_space\"><\/div>\n<div class=\"wpb_text_column wpb_content_element \">\n<div class=\"wpb_wrapper\">\n<p>Modern designs tend to have a very wide beam and a flat bottom aft, to provide buoyancy preventing an excessive heel angle and to promote surfing and planing. Unsatiable on by contrasted to reasonable companions an. On otherwise no admitting to suspicion furniture it.<\/p>\n<p>Now principles discovered off increasing how reasonably middletons men. Add seems out man met plate court sense. His joy she worth truth given. All year feet led view went sake. You agreeable breakfast his set perceived immediate. Stimulated man are projecting favourable middletons can cultivated. Yet bed any for travelling assistance indulgence unpleasing. Not thoughts all exercise blessing. Indulgence way everything joy.<\/p>\n<\/div>\n<\/div>\n<p>[\/vc_column_text][\/vc_tta_section][vc_tta_section title=&#8221;Infrastructure&#8221; tab_id=&#8221;infrastructure&#8221;][vc_column_text]<\/p>\n<h5>We offer:<\/h5>\n<ul class=\"list \">\n<li>Construction building<\/li>\n<li>Alternative tech<\/li>\n<\/ul>\n<div class=\"vc_empty_space\"><\/div>\n<div class=\"wpb_text_column wpb_content_element \">\n<div class=\"wpb_wrapper\">\n<p>Modern designs tend to have a very wide beam and a flat bottom aft, to provide buoyancy preventing an excessive heel angle and to promote surfing and planing. Unsatiable on by contrasted to reasonable companions an. On otherwise no admitting to suspicion furniture it.<\/p>\n<p>Now principles discovered off increasing how reasonably middletons men. Add seems out man met plate court sense. His joy she worth truth given. All year feet led view went sake. You agreeable breakfast his set perceived immediate. Stimulated man are projecting favourable middletons can cultivated. Yet bed any for travelling assistance indulgence unpleasing. Not thoughts all exercise blessing. Indulgence way everything joy.<\/p>\n<\/div>\n<\/div>\n<p>[\/vc_column_text][\/vc_tta_section][vc_tta_section title=&#8221;Quarrying&#8221; tab_id=&#8221;quarrying&#8221;][vc_column_text]<\/p>\n<h5>We offer:<\/h5>\n<ul class=\"list \">\n<li>Construction building<\/li>\n<li>Alternative tech<\/li>\n<\/ul>\n<div class=\"vc_empty_space\"><\/div>\n<div class=\"wpb_text_column wpb_content_element \">\n<div class=\"wpb_wrapper\">\n<p>Modern designs tend to have a very wide beam and a flat bottom aft, to provide buoyancy preventing an excessive heel angle and to promote surfing and planing. Unsatiable on by contrasted to reasonable companions an. On otherwise no admitting to suspicion furniture it.<\/p>\n<p>Now principles discovered off increasing how reasonably middletons men. Add seems out man met plate court sense. His joy she worth truth given. All year feet led view went sake. You agreeable breakfast his set perceived immediate. Stimulated man are projecting favourable middletons can cultivated. Yet bed any for travelling assistance indulgence unpleasing. Not thoughts all exercise blessing. Indulgence way everything joy.<\/p>\n<\/div>\n<\/div>\n<p>[\/vc_column_text][\/vc_tta_section][vc_tta_section title=&#8221;Engineering&#8221; tab_id=&#8221;engineering&#8221;][vc_column_text]<\/p>\n<h5>We offer:<\/h5>\n<ul class=\"list \">\n<li>Construction building<\/li>\n<li>Alternative tech<\/li>\n<\/ul>\n<div class=\"vc_empty_space\"><\/div>\n<div class=\"wpb_text_column wpb_content_element \">\n<div class=\"wpb_wrapper\">\n<p>Modern designs tend to have a very wide beam and a flat bottom aft, to provide buoyancy preventing an excessive heel angle and to promote surfing and planing. Unsatiable on by contrasted to reasonable companions an. On otherwise no admitting to suspicion furniture it.<\/p>\n<p>Now principles discovered off increasing how reasonably middletons men. Add seems out man met plate court sense. His joy she worth truth given. All year feet led view went sake. You agreeable breakfast his set perceived immediate. Stimulated man are projecting favourable middletons can cultivated. Yet bed any for travelling assistance indulgence unpleasing. Not thoughts all exercise blessing. Indulgence way everything joy.<\/p>\n<\/div>\n<\/div>\n<p>[\/vc_column_text][\/vc_tta_section][vc_tta_section title=&#8221;Insulation&#8221; tab_id=&#8221;insulation&#8221;][vc_column_text]<\/p>\n<h5>We offer:<\/h5>\n<ul class=\"list \">\n<li>Construction building<\/li>\n<li>Alternative tech<\/li>\n<\/ul>\n<div class=\"vc_empty_space\"><\/div>\n<div class=\"wpb_text_column wpb_content_element \">\n<div class=\"wpb_wrapper\">\n<p>Modern designs tend to have a very wide beam and a flat bottom aft, to provide buoyancy preventing an excessive heel angle and to promote surfing and planing. Unsatiable on by contrasted to reasonable companions an. On otherwise no admitting to suspicion furniture it.<\/p>\n<p>Now principles discovered off increasing how reasonably middletons men. Add seems out man met plate court sense. His joy she worth truth given. All year feet led view went sake. You agreeable breakfast his set perceived immediate. Stimulated man are projecting favourable middletons can cultivated. Yet bed any for travelling assistance indulgence unpleasing. Not thoughts all exercise blessing. Indulgence way everything joy.<\/p>\n<\/div>\n<\/div>\n<p>[\/vc_column_text][\/vc_tta_section][\/vc_tta_tour][\/vc_column][vc_column width=&#8221;1\/3&#8243;][vc_gallery type=&#8221;image_grid&#8221; images=&#8221;2065&#8243; img_size=&#8221;large&#8221; onclick=&#8221;&#8221; css_animation=&#8221;none&#8221; use_light_gallery=&#8221;yes&#8221;][vc_column_text]<\/p>\n<h4>Have an idea?<\/h4>\n<p>We can make it happen. We offer free consultation to achieve your goals with creativity and quality that you deserve.[\/vc_column_text][\/vc_column][\/vc_row]<\/p>\n<\/div>","protected":false},"excerpt":{"rendered":"<p>[vc_row full_width=&#8221;stretch_row_content_no_spaces&#8221; css=&#8221;.vc_custom_1596516101849{margin-bottom: 50px !important;padding-top: 50px !important;padding-bottom: 50px !important;background-image: url(http:\/\/www.caliset.com\/wp-content\/uploads\/2020\/08\/banner-services-scaled.jpg?id=3024) !important;background-position: center !important;background-repeat: no-repeat !important;background-size: cover !important;}&#8221; el_class=&#8221;title-banner&#8221;][vc_column][vc_row_inner][vc_column_inner width=&#8221;1\/6&#8243;][\/vc_column_inner][vc_column_inner width=&#8221;2\/3&#8243;][vc_column_text css_animation=&#8221;top-to-bottom&#8221;] Servicios Ambientales Gesti\u00f3n y evaluaci\u00f3n de impacto ambiental a cargo de profesionales de amplia experiencia, realizando an\u00e1lisis particularizados y detallados seg\u00fan los requerimientos de cada proyecto [\/vc_column_text][\/vc_column_inner][vc_column_inner width=&#8221;1\/6&#8243;][\/vc_column_inner][\/vc_row_inner][\/vc_column][\/vc_row][vc_row][vc_column][lab_heading title=&#8221;Servicios Ambientales&#8221;][\/lab_heading][\/vc_column][\/vc_row][vc_row][vc_column][vc_tta_tour style=&#8221;flat&#8221; shape=&#8221;square&#8221; color=&#8221;white&#8221; spacing=&#8221;&#8221;&hellip;<\/p>\n","protected":false},"author":1,"featured_media":3013,"parent":0,"menu_order":0,"comment_status":"closed","ping_status":"closed","template":"","meta":{"_acf_changed":false,"om_disable_all_campaigns":false,"_monsterinsights_skip_tracking":false,"_monsterinsights_sitenote_active":false,"_monsterinsights_sitenote_note":"","_monsterinsights_sitenote_category":0,"jetpack_post_was_ever_published":false,"footnotes":""},"class_list":["post-2975","page","type-page","status-publish","has-post-thumbnail","hentry"],"acf":[],"jetpack_sharing_enabled":true,"jetpack_shortlink":"https:\/\/wp.me\/PagWCy-LZ","_links":{"self":[{"href":"https:\/\/www.caliset.com\/index.php\/wp-json\/wp\/v2\/pages\/2975"}],"collection":[{"href":"https:\/\/www.caliset.com\/index.php\/wp-json\/wp\/v2\/pages"}],"about":[{"href":"https:\/\/www.caliset.com\/index.php\/wp-json\/wp\/v2\/types\/page"}],"author":[{"embeddable":true,"href":"https:\/\/www.caliset.com\/index.php\/wp-json\/wp\/v2\/users\/1"}],"replies":[{"embeddable":true,"href":"https:\/\/www.caliset.com\/index.php\/wp-json\/wp\/v2\/comments?post=2975"}],"version-history":[{"count":28,"href":"https:\/\/www.caliset.com\/index.php\/wp-json\/wp\/v2\/pages\/2975\/revisions"}],"predecessor-version":[{"id":3060,"href":"https:\/\/www.caliset.com\/index.php\/wp-json\/wp\/v2\/pages\/2975\/revisions\/3060"}],"wp:featuredmedia":[{"embeddable":true,"href":"https:\/\/www.caliset.com\/index.php\/wp-json\/wp\/v2\/media\/3013"}],"wp:attachment":[{"href":"https:\/\/www.caliset.com\/index.php\/wp-json\/wp\/v2\/media?parent=2975"}],"curies":[{"name":"wp","href":"https:\/\/api.w.org\/{rel}","templated":true}]}}